. Let u(l) = 3*l - 1. Let r be u(5). What is the greatest common factor of r and q?
7
Suppose 2*b - 4 = -0*b - 2*w, -3*b = -2*w - 11. Suppose -b*l - 25 = 2*l. Let x be (-246)/(-15) - (-2)/l. Calculate the greatest common factor of x and 128.
16
Let z(w) = 2*w**2 + 22*w + 84. Let v be z(-6). Suppose 2*s + s = 5*g + 36, 4*s = 5*g + 48. What is the highest common divisor of s and v?
12
Let t(w) = -w**3 + 10*w**2 + 7*w + 5. Let a be t(5). What is the highest common factor of a and 15?
15
Let n(u) = 12*u**3 + u**2 + u - 1. Suppose -3*z - 3 = -2*z - 4*f, 4*f - 6 = -2*z. Let x be n(z). What is the highest common divisor of 52 and x?
13
Let j(i) = i**2 - i + 2. Let v be j(6). Suppose 4*r + v - 2 = -5*t, -2*t + 2*r = 30. Let x be 2/5 - 136/t. Calculate the highest common divisor of x and 14.
14
Suppose 4*y - 4 = 4. Suppose 0*w + y*t = 2*w - 26, 3*t = 4*w - 56. Calculate the highest common factor of 51 and w.
17
Suppose 0 = 5*w + 2*g - 208, -6*w + 2*w = 2*g - 168. Calculate the greatest common factor of 100 and w.
20
Let x be (26/(-65))/((-1)/30). What is the greatest common factor of 36 and x?
12
Let f = 2 - -16. Calculate the greatest common factor of 18 and f.
18
Let r(z) = z**2 + 2*z - 3. Let j be r(2). Suppose -5*s + 3*s + 96 = v, j*s + 20 = 0. Calculate the greatest common factor of 26 and v.
26
Suppose -3*v - 64 = 200. Let o = 2 - v. Suppose -2*d + 5*d = o. Calculate the highest common factor of d and 12.
6
Let q = 207 + -144. Suppose 1 + 5 = 3*h. Let x be ((-7)/h)/((-2)/4). What is the greatest common divisor of x and q?
7
Let i be 18 + (1 + 0)*-4. Calculate the greatest common divisor of 56 and i.
14
Let b = 74 - 53. What is the highest common factor of 7 and b?
7
Let h(z) = -5*z**3 - 2*z**2 + 7*z + 10. Let j be h(-4). Calculate the greatest common divisor of j and 10.
10
Let p(n) = n**2 - 10*n + 40. Let g be p(9). What is the highest common factor of g and 62?
31
Let s = 10 + -2. Let b(q) = -q**2 + 1. Let l be b(0). What is the greatest common factor of s and l?
1
Let v(k) = -5*k - 6. Suppose -66 = 5*q - 21. Let y be v(q). Calculate the highest common divisor of y and 13.
13
Suppose 4*u = -5*p + 249, 4*p + 148 = 3*u - 0*p. Let b be (2 - (-1)/1) + 0. Suppose -b*n + 5*n - 28 = 0. What is the highest common factor of n and u?
14
Let l = -92 - -124. What is the greatest common factor of 32 and l?
32
Suppose -19 - 8 = -2*t - 3*j, t = 5*j - 19. Suppose 3*x - 2*x - 18 = 0. Suppose -x = -3*w - 6. What is the greatest common divisor of w and t?
2
Let q = -8 - -26. Let y be 4/(-2)*(0 - 1). Let d be (18/(-5))/(y/(-10)). What is the highest common divisor of q and d?
18
Let c = 8 - 5. Suppose c*i - 130 = 32. What is the greatest common divisor of 6 and i?
6
Let f(u) = u**2 - 7 + u - 2*u + 0*u + 0*u**2. Suppose -4*d = -d - 15. Let g be f(d). What is the highest common divisor of g and 13?
13
Suppose 0 = -5*c + 2 + 8. Suppose w - 41 = -4*m + 16, c*w = 5*m - 81. What is the highest common divisor of m and 10?
5
Suppose -2*s + 4 = -0*s. Suppose -560 = -3*g - s*g. Let p = 45 + -29. What is the highest common divisor of p and g?
16
Suppose -5*b = -3*a - 2 + 5, -5*a + 3*b - 11 = 0. Let g be (-217)/a - (-3)/4. What is the highest common divisor of g and 5?
5
Let d be -12*(15/(-9) - -1). Let a = d - 6. Let y(j) = 18*j**2 + 2*j + 1. Let s be y(a). What is the greatest common divisor of 7 and s?
7
Let n be (-179)/(-2)*(-8)/(-4). Suppose n = 5*s - 186. Let r = 137 - s. What is the highest common factor of r and 16?
16
Let o be ((-8)/(-6))/(2/3). What is the greatest common factor of o and 22?
2
Let x(d) = 10*d**2 - 6*d. Let w be x(4). Calculate the greatest common divisor of w and 34.
34
Let k = -95 - -170. Calculate the greatest common divisor of k and 15.
15
Suppose -2*m + 2*d + 14 = 0, 3*m - 2*d - 2*d - 23 = 0. Let y = m + 2. Calculate the highest common divisor of 7 and y.
7
Let v(g) = 5*g - 3. Let w be v(3). Let q be (4/(-5))/(w/(-30)). Suppose 16 = f + 2*b, 5*f - 2*f - 3*b = 48. What is the highest common divisor of q and f?
2
Suppose -5*s + 13*s = 72. What is the greatest common factor of s and 18?
9
Suppose -270 = -8*i + 2. What is the greatest common divisor of 34 and i?
34
Suppose 3*z - 15 = -0. Let x be 6/15 + 28/z. What is the greatest common factor of x and 48?
6
Let s(h) = 4*h**2 + 2*h. Let m be s(3). Let z(i) = -64*i**3 + i. Let l be z(-1). Calculate the greatest common factor of l and m.
21
Suppose -5*j + 5 = -0. Suppose s = -0*h - 2*h + 16, 2*h - 2*s - 4 = 0. Calculate the greatest common factor of j and h.
1
Let l(a) = 22*a**3. Let o(r) = r - 1. Let v be o(2). Let c be l(v). Suppose 5*y = 3*m + c, 2*y - 12 = -0*m - 2*m. What is the highest common factor of 3 and m?
1
Suppose x - 28 + 8 = 0. Let p be (-3)/(-15) - (-96)/x. What is the highest common divisor of p and 1?
1
Let o = -18 - -29. Let x = 97 - 42. Calculate the highest common divisor of x and o.
11
Suppose 4*l + 4*j - 104 = 0, -3*j = 3*l - l - 54. Calculate the highest common factor of l and 36.
12
Let b(q) = 3*q + 52. Let x be b(-6). What is the highest common divisor of x and 34?
34
Suppose -4*j + 0*j = -24. Let k(v) = 5*v - 8. Let p be k(j). Let u(i) = i**2 + 3*i - 2. Let f be u(-4). Calculate the highest common factor of f and p.
2
Suppose 37 = -2*f - 3*y - 52, -4*f - 3*y = 175. Let u = -25 - f. What is the greatest common factor of 9 and u?
9
Suppose 0*f = 5*f - 675. What is the highest common factor of 30 and f?
15
Suppose -2*s - 168 = -6*s. Let b(z) = z**2 + 13*z + 51. Let j be b(-10). Calculate the highest common factor of s and j.
21
Let r = 149 + -93. What is the highest common divisor of 28 and r?
28
Let r = 139 - 124. What is the highest common factor of 60 and r?
15
Let d(w) = 2*w**2 - 4*w + 3. Let x be d(2). Let l = x + 9. Calculate the greatest common divisor of l and 36.
12
Suppose -3*q - 74 = -482. What is the greatest common divisor of 17 and q?
17
Let b = 19 - 9. Suppose 5*g - 2*w = 2 - 4, 5 = g + 5*w. Suppose g = -0*d - 4*d + 320. What is the greatest common divisor of b and d?
10
Suppose -3*g + 402 = -240. Let j be 6/10 - g/(-10). Calculate the highest common factor of 33 and j.
11
Suppose 0 = -2*a - 6, -7*a = 3*r - 4*a - 141. What is the highest common factor of 20 and r?
10
Let n(p) = 7*p - 3. Suppose 0 = t + 3*t + 8. Let c be 5/t*(-24)/20. Let f be n(c). Calculate the greatest common divisor of 2 and f.
2
Let q = 7 + -2. Suppose -51 = -q*g + 19. Calculate the highest common divisor of 70 and g.
14
Let b be 3/5*1*15. Let r(n) = 2*n**2 - 10*n - 12. Let p be r(b). What is the greatest common factor of 24 and p?
12
Let w(h) = -15*h - 3. Let s(m) = -30*m - 5. Let f = 10 + -5. Let d(c) = f*w(c) - 3*s(c). Let a be d(1). What is the greatest common divisor of 3 and a?
3
Let t(u) = u**2 + 9*u - 19. Let a(o) = o**3 - 4*o**2 - 4*o + 3. Let s be a(4). Let d be t(s). Calculate the greatest common factor of d and 11.
11
Suppose 8*a - 630 = 3*a. What is the greatest common divisor of a and 14?
14
Let f(l) = 2*l - 5*l + 3*l**2 + 4 - 4*l. Let u be f(4). Let c = -6 - -12. Calculate the highest common divisor of c and u.
6
Let k = 7 + -2. What is the greatest common factor of 55 and k?
5
Let n = 57 - 36. Calculate the highest common divisor of n and 105.
21
Let a = 2 + 4. Let w be ((-6)/7)/((66/42)/(-11)). What is the highest common factor of a and w?
6
Suppose 6*w = 74 + 376. What is the greatest common divisor of w and 25?
25
Let r(u) = 7*u + 1. Let z be 32/18 + 6/27. Let g be r(z). Calculate the highest common divisor of g and 3.
3
Let y be 36 + (-9)/(-3) + -3. Suppose 2*c - 48 = -0*c. Suppose -12 = -4*p + c. Calculate the greatest common factor of y and p.
9
Let k = 3 + 9. Let x = -261 - -309. What is the highest common factor of k and x?
12
Let r(s) = 6 - 3*s**2 - 3*s + 2*s**2 + 2*s**2. Let c be r(6). Calculate the highest common divisor of 60 and c.
12
Suppose g + 0*g = 4*o + 4, 3*o - 4*g + 16 = 0. Let c be (-5)/(-15)*(o + 0). Suppose -l = -c*l - 12. What is the greatest common divisor of 12 and l?
12
Suppose -o + 45 = 2*o. Let m(p) = 43*p - 1. Let r be m(2). Suppose -o + r = 2*s. Calculate the greatest common divisor of 14 and s.
7
Let t = 0 + 17. Let b = t + 3. What is the highest common divisor of 40 and b?
20
Let n be -16*(2 - (-68)/(-16)). Let v = -28 + n. Calculate the g